368 a factor of 55952148?
False
Is 1702353563 a multiple of 1553?
True
Is 825 a factor of 83822475?
True
Is 81 a factor of 431557106?
False
Is 1781 a factor of 2288798315?
False
Does 61 divide 56740187?
True
Is 9765 a factor of 2094885450?
True
Is 495456518 a multiple of 19?
False
Does 147 divide 5322429?
True
Is 578 a factor of 9692482?
True
Is 84872458 a multiple of 22?
True
Does 620 divide 50051980?
True
Does 15 divide 7031262?
False
Is 221 a factor of 187896075?
False
Does 491 divide 73760328?
False
Is 87385816 a multiple of 29?
True
Does 769 divide 1136621963?
False
Does 2291 divide 682553048?
True
Is 937 a factor of 74186975?
True
Is 84 a factor of 256226749?
False
Is 47 a factor of 15300051?
True
Does 59 divide 164585810?
True
Is 1023 a factor of 1639827057?
True
Is 1604 a factor of 497585968?
False
Is 1078 a factor of 25841816?
True
Is 265504015 a multiple of 4295?
True
Is 10 a factor of 39592703?
False
Does 30 divide 7164300?
True
Is 2719547140 a multiple of 1748?
True
Is 27 a factor of 3438234?
True
Is 99 a factor of 1654628?
False
Does 411 divide 721445996?
False
Is 61 a factor of 69431725?
True
Is 2206 a factor of 145753871?
False
Does 147 divide 121241631?
True
Does 2513 divide 3568181057?
True
Is 115 a factor of 7018566035?
True
Is 474840 a multiple of 30?
True
Does 139 divide 43559959?
True
Does 315 divide 214424595?
True
Is 13584250 a multiple of 1622?
True
Is 103 a factor of 2098735765?
False
Is 4774645 a multiple of 192?
False
Is 18 a factor of 542393046?
True
Is 928 a factor of 804773493?
False
Is 242029356 a multiple of 2969?
False
Is 1361959416 a multiple of 3140?
False
Is 7 a factor of 81907217?
True
Is 17 a factor of 5333322?
False
Does 6 divide 14869467?
False
Is 459 a factor of 6514128?
True
Is 835 a factor of 174772180?
True
Is 2027851 a multiple of 7?
True
Is 216 a factor of 807989739?
False
Is 88 a factor of 74760860?
False
Is 75 a factor of 56591775?
True
Does 3459 divide 231077620?
False
Does 560 divide 1967981420?
False
Is 10 a factor of 67155363?
False
Is 274715238 a multiple of 358?
True
Does 399 divide 146322459?
False
Is 1069 a factor of 740734792?
False
Is 75444547 a multiple of 509?
False
Is 239 a factor of 31309384?
False
Is 89 a factor of 12995677?
False
Does 16 divide 105983130?
False
Is 43544488 a multiple of 2344?
True
Is 3806471 a multiple of 4?
False
Is 34253218 a multiple of 132?
False
Is 176 a factor of 102608?
True
Does 127 divide 25143037?
False
Is 5228220 a multiple of 237?
True
Does 18 divide 72500346?
True
Is 284 a factor of 441129601?
False
Is 148809491 a multiple of 7?
False
Is 16 a factor of 14527833?
False
Does 21 divide 47428038?
True
Does 491 divide 2434597968?
True
Does 10 divide 274880800?
True
Is 80 a factor of 69621194?
False
Does 84 divide 475399932?
True
Is 41 a factor of 99900764?
True
Is 95 a factor of 312739800?
False
Is 10092236 a multiple of 10?
False
Does 479 divide 77939048?
True
Is 267442156 a multiple of 2266?
False
Is 26465614 a multiple of 12?
False
Does 1163 divide 1216594279?
False
Does 3 divide 108026719?
False
Does 565 divide 4482308?
False
Does 4865 divide 2654801310?
True
Is 83 a factor of 10279799?
True
Does 47 divide 323980338?
False
Is 24827088 a multiple of 143?
True
Is 213 a factor of 304405115?
False
Does 23 divide 291988456?
False
Does 135 divide 34034780?
False
Is 5414247 a multiple of 54?
False
Is 2576336128 a multiple of 164?
False
Is 130 a factor of 184931500?
True
Is 339727194 a multiple of 9?
True
Is 154 a factor of 423349388?
True
Is 192 a factor of 127815936?
True
Is 3038755662 a multiple of 680?
False
Does 33 divide 724430025?
True
Is 133722900 a multiple of 45?
True
Is 2161824666 a multiple of 3494?
False
Is 535455850 a multiple of 1970?
True
Is 9 a factor of 942432473?
False
Does 10 divide 2553190?
True
Does 29 divide 500641650?
False
Is 11 a factor of 208220980?
True
Is 81 a factor of 225452476?
False
Is 1535960104 a multiple of 3326?
True
Is 22197780 a multiple of 3030?
True
Is 9 a factor of 146259346?
False
Is 18850339 a multiple of 5579?
False
Is 1136 a factor of 1175507808?
True
Is 48 a factor of 5572512?
True
Is 31102880 a multiple of 32?
True
Is 3712246792 a multiple of 298?
True
Is 169364276 a multiple of 427?
False
Is 27966858 a multiple of 6?
True
Does 143 divide 1476591831?
True
Is 585769210 a multiple of 1690?
True
Is 20806858 a multiple of 766?
True
Is 26 a factor of 66005550?
True
Does 412 divide 1527696?
True
Is 17589807 a multiple of 2?
False
Is 775921017 a multiple of 167?
False
Does 250 divide 291768500?
True
Does 21 divide 46228753?
False
Is 21 a factor of 601412926?
False
Does 16 divide 331590603?
False
Does 118 divide 344361909?
False
Is 107 a factor of 28735725?
False
Is 825855049 a multiple of 3211?
False
Is 2086481544 a multiple of 5964?
True
Is 111960565 a multiple of 91?
False
Is 1529590 a multiple of 37?
False
Is 3 a factor of 4544752?
False
Is 2256582011 a multiple of 11?
False
Is 185176615 a multiple of 84?
False
Is 76 a factor of 60276588?
True
Is 3086952321 a multiple of 1016?
False
Does 210 divide 1830179157?
False
Is 282 a factor of 16006602?
True
Is 350882960 a multiple of 8560?
True
Is 597 a factor of 20323671?
True
Is 161 a factor of 3558875409?
False
Does 84 divide 191184?
True
Does 50 divide 63961388?
False
Is 63973766 a multiple of 43?
True
Does 277 divide 554466509?
False
Does 10 divide 4501570?
True
Does 85 divide 22147430?
True
Is 179 a factor of 88545990?
False
Does 1842 divide 25355130?
True
Is 185454360 a multiple of 306?
True
Is 4217 a factor of 377542224?
False
Is 2265890 a multiple of 110?
True
Is 125 a factor of 312033280?
False
Is 37 a factor of 16311464?
False
Does 139 divide 723270262?
False
Is 1521813 a multiple of 23?
False
Is 1679804539 a multiple of 959?
True
Is 114 a factor of 128926476?
True
Is 16091192 a multiple of 6?
False
Does 3254 divide 114847003?
False
Does 5 divide 342016980?
True
Is 7 a factor of 34700994?
False
Is 404 a factor of 19433612?
True
Is 721661799 a multiple of 4257?
False
Is 14 a factor of 2730669540?
False
Is 2395 a factor of 41081202?
False
Does 266 divide 3877599?
False
Does 2784 divide 186965088?
True
Is 1579308018 a multiple of 233?
True
Is 13 a factor of 13216047?
True
Is 68 a factor of 39030504?
True
Is 54 a factor of 382507215?
False
Is 601899966 a multiple of 236?
False
Is 47 a factor of 64743722?
True
Does 2 divide 679626093?
False
Does 61 divide 1263005?
True
Does 4183 divide 284971058?
True
Is 12304096 a multiple of 7?
True
Is 510018 a multiple of 34?
False
Is 60 a factor of 49326988?
False
Is 650 a factor of 2562452100?
True
Is 376 a factor of 155686034?
False
Is 1116 a factor of 206188812?
True
Does 916 divide 7778892?
False
Is 2440685364 a multiple of 13?
True
Does 38 divide 10920743?
False
Is 758447440 a multiple of 40?
True
Does 332 divide 48438800?
True
Does 19 divide 71332118?
True
Does 11 divide 112216841?
True
Is 55 a factor of 5004160?
False
Is 88 a factor of 117637543?
False
Is 216 a factor of 93323016?
True
Is 1239852 a multiple of 2?
True
Is 683 a factor of 4201999?
False
Does 3 divide 27014988?
True
Is 133544355 a multiple of 105?
True
Is 656073000 a multiple of 2250?
True
Does 36 divide 15040093?
False
Does 23 divide 5681738277?
True
Does 42 divide 1058990359?
False
Is 218680852 a multiple of 793?
True
Does 21 divide 1201181015?
False
Is 43658346 a multiple of 50?
False
Is 111 a factor of 1931214179?
False
Is 13 a factor of 1978970552?
True
Is 204191325 a multiple of 325?
True
Does 50 divide 120429882?
False
Is 16826880 a multiple of 3840?
True
Does 11 divide 2624160?
True
Is 13969748 a multiple of 233?
True
Is 4042 a factor of 150499828?
True
Is 78 a factor of 136856861?
False
Does 551 divide 33205464?
True
Is 8483139 a multiple of 133?
True
Does 31 divide 37743275?
True
Is 24 a factor of 226586928?
True
Is 273 a factor of 14478555?
True
Is 3589 a factor of 307186099?
True
Is 1055 a factor of 579909235?
True
Is 152291380 a multiple of 20?
True
Is 390079820 a multiple of 310?
True
Is 8 a factor of 185866549?
False
Is 280 a factor of 39850160?
True
Is 507 a factor of 58929791?
False
Does 368 divide 2491070768?
False
Is 20420983 a multiple of 3197?
False
Does 35 divide 181607339?
False
Does 1614 divide 222075102?
True
Is 45 a factor of 1630